*k**2 - k. Let s be j(1). What is the greatest common factor of a and s?
9
Let s be (0 - (-1)/5) + 79/5. What is the greatest common divisor of 32 and s?
16
Let a = -10 - -45. What is the greatest common divisor of a and 5?
5
Suppose 9*q = 197 + 127. Let c(g) = -2*g - 2. Let p be c(-3). Let h(m) = m**2 + 3*m - 4. Let n be h(p). What is the highest common divisor of q and n?
12
Let w(d) be the second derivative of d**4/12 + 7*d**3/3 + 2*d**2 - 6*d. Let o be w(-14). What is the greatest common factor of 8 and o?
4
Suppose 0 = 4*m - 4*v - 24, -3*m + m = -v - 9. Suppose 32 = 2*c + u + 11, 0 = m*u + 9. Calculate the highest common divisor of c and 12.
12
Let z be (48/(-28))/((-18)/84). Calculate the greatest common factor of z and 24.
8
Let o = -2 + 4. Let s = 0 + o. Suppose -r + 2*b + 8 = 0, -4*r = 3*b + s - 56. What is the highest common factor of 96 and r?
12
Let a be 1/(2 + -1) - -47. Let i = -6 + 9. Let m be (-18)/(3*i/(-6)). Calculate the highest common divisor of a and m.
12
Let i = -72 - -90. Calculate the highest common factor of i and 9.
9
Suppose 3*j = -0*j + 9. What is the highest common divisor of 21 and j?
3
Let n(i) = 7*i - 2 + i**3 + 1 - 3 - 12*i**2. Let r be n(12). What is the highest common divisor of r and 20?
20
Let r be (-483)/(-35) - (-2)/10. Calculate the greatest common divisor of 21 and r.
7
Let z = -9 + -8. Let x = z - -24. What is the highest common factor of 49 and x?
7
Let k(z) be the third derivative of -z**5/60 - z**4/12 + 23*z**3/3 - z**2. Let f be k(0). What is the highest common divisor of f and 69?
23
Let d = 71 - 35. Suppose -3*g + d = -g. Calculate the highest common factor of g and 36.
18
Let g = 39 - 19. Let a(v) = 36*v**2 - v - 2. Let d be a(2). Calculate the greatest common divisor of g and d.
20
Let y be (4*2)/((-20)/(-210)). Suppose -3*o + 6*o - 36 = 0. Calculate the highest common factor of o and y.
12
Let d = -7 - -13. Suppose -2*a + d - 4 = 0. Suppose -a = o - 2*o. Calculate the greatest common factor of 8 and o.
1
Let o = 12 + -10. Suppose -r + o*r = 5. Suppose -r*s - 3*y = -0*y - 606, s - 124 = -2*y. Calculate the highest common factor of s and 48.
24
Suppose -5*u - 9 = -2*u, 3*s = -3*u + 111. What is the highest common divisor of 10 and s?
10
Suppose 0 = -3*f + v + 69, -4*f - v + 85 = -0*v. What is the greatest common factor of f and 44?
22
Let q = 22 - 10. Suppose q = 4*i + 2*y, -i + 2*y = 4*i - 24. Suppose -2*c + i + 0 = 0. What is the greatest common factor of c and 6?
2
Let x(h) = h**3 - 6*h**2 + 5*h - 5. Let u be x(5). Let o be -4 - -1 - u - 0. Suppose 0 = o*w - 167 + 23. What is the greatest common factor of 8 and w?
8
Let g be 2 - (-46)/4 - (-9)/(-18). What is the highest common divisor of 117 and g?
13
Suppose -32*h = -35*h + 54. What is the greatest common factor of 24 and h?
6
Let c be 86 - (0 - 12/(-3)). Let w = c + -58. What is the greatest common factor of 12 and w?
12
Let u be 2/((-6)/(-363)) + 1. Suppose -15 = -5*a - 5*t, 4 = 4*a + 2*t - 6. Let h be u - (-3)/3 - a. What is the highest common factor of h and 11?
11
Let l(i) be the first derivative of i**4/4 - 2*i**3 - 5*i**2/2 + 2*i + 1. Let a be l(8). Calculate the highest common divisor of 10 and a.
10
Let l be 1/(-3) + 1/3. Let w = -3 + l. Let p = 5 - w. Calculate the highest common factor of p and 12.
4
Suppose 2*l + 0*l = 16. Suppose 6*j - 150 = 3*j + 3*y, 5*j + 2*y - 236 = 0. What is the highest common divisor of j and l?
8
Let d = 10 - 16. Let j be (-1 + 3/2)*d. Let l be (j/2)/((-15)/80). What is the highest common factor of 1 and l?
1
Let d be 3/((2/2)/(-1)). Let u = 7 - d. Let s(z) = -46*z - 2. Let t be s(-2). What is the greatest common factor of u and t?
10
Let m(u) be the second derivative of -17*u**4/12 + u**2/2 - u. Let h be m(1). Let x = -6 - h. What is the greatest common factor of x and 110?
10
Suppose 51 = t - y + 3*y, 104 = 2*t + 2*y. Suppose 3*a = t + 55. Suppose 2*n - 5*n = -a. Calculate the greatest common factor of n and 3.
3
Let t(p) = 3*p - 2. Let c be t(2). Calculate the greatest common divisor of 3 and c.
1
Suppose 5*s = -25, 32 = 4*h - 4*s - 24. What is the greatest common factor of h and 18?
9
Let g(w) = -w**2 + 12*w + 1. Let r be g(5). Suppose 0 = k - 6*k + 20. What is the highest common factor of r and k?
4
Let g(p) = 8*p**2 + p - 2. Let h be g(-2). What is the highest common divisor of 4 and h?
4
Suppose 5*l - 3*l = 18. What is the highest common factor of l and 36?
9
Let k be 3*1 + 9 + -2. What is the greatest common factor of k and 110?
10
Suppose -2*s - 2*s - 3*q + 408 = 0, -4*s = -3*q - 432. What is the greatest common divisor of 15 and s?
15
Let b be 1/(0 + 2/34). Suppose 80 = 3*o + 4*v, -o + 1 = -3*v - b. Calculate the highest common factor of o and 264.
24
Suppose -7*z + 115 = 16*z. Let d be (1/1)/(2/70). What is the greatest common divisor of z and d?
5
Let u(p) = p**3 - 8*p**2 + 11*p - 7. Let q be u(7). Calculate the highest common divisor of 21 and q.
21
Suppose 412 = 4*o - 204. Calculate the greatest common factor of 14 and o.
14
Suppose q - 5*x - 13 = 0, -3*x = -5*q + x + 65. Suppose 0 = -5*m + 2*m - 12. Let h be (-2)/m - (-543)/6. Calculate the highest common factor of h and q.
13
Suppose 2*p = -3*p + 205. Suppose 0 = 4*t - 305 + p. Calculate the greatest common divisor of t and 6.
6
Let q = -10 + 14. Suppose 4*j = 3*f + 79, -3*j + 2*j + 41 = -5*f. Calculate the highest common factor of q and j.
4
Let x = 0 + 6. Let q be 6/(-4)*16/12. Let k be (-3)/((-2)/(-8)*q). Calculate the greatest common factor of k and x.
6
Suppose 2*q - 3*q = -77. Suppose 0 = -3*y + 7*y - 44. Calculate the highest common factor of q and y.
11
Suppose 1 = -j - 2. Let d(n) = 21*n**2 - 4*n - 3. Let f be d(j). Suppose -f = r - 4*r. Calculate the greatest common divisor of r and 6.
6
Let v be (4/(-5))/((-4)/260). Calculate the greatest common factor of v and 26.
26
Suppose -2*s = -21 - 31. Let j be 362/(-2)*(0 - 1). Suppose 5*i - 14 = j. What is the greatest common factor of s and i?
13
Let s be (-2 - (-21)/9)*45. What is the highest common factor of s and 5?
5
Let j(t) = -t. Let i = 12 - 16. Let v be j(i). Calculate the greatest common factor of v and 10.
2
Let k(p) = -p**2 + 5*p - 1. Let z be k(2). What is the highest common divisor of 5 and z?
5
Suppose -6*l + 5*l = -4. Suppose 0 = 4*o - 2*o - 4*g + 2, -l*o + 3 = -g. What is the highest common divisor of 7 and o?
1
Suppose 5*t - 4*s - 47 = -s, 3*s = -2*t + 23. Calculate the highest common divisor of t and 90.
10
Let a(d) be the third derivative of d**4/8 - d**3 - 4*d**2. Let z be a(6). What is the greatest common factor of 6 and z?
6
Let s = 22 - 16. Let q be 35/(1/s*2). What is the greatest common divisor of 15 and q?
15
Let b = 6 + -3. Let c be (-70)/(-6) + 1/b. Calculate the greatest common factor of 84 and c.
12
Let x be 8/2 - (1 - 1). Suppose -x*j = 2*r - 30, -4*r = 7 - 3. Let a be (4/(-5))/(16/(-1760)). What is the greatest common factor of j and a?
8
Suppose 3*y + 8 = 7*y. Suppose y*j = -3*v - 122, -v + 5*j + 200 = -6*v. Let g = v - -75. What is the highest common divisor of 11 and g?
11
Let c be ((-52)/16 + 2)*-44. Calculate the highest common factor of c and 22.
11
Suppose -2*h + 9 + 5 = 4*o, 0 = 2*h - 5*o - 5. Let f(y) = -2*y + 4. Let n be f(3). Let q = h - n. Calculate the highest common factor of q and 7.
7
Suppose 5*s + 34 = -46. Let z = 29 + s. What is the greatest common factor of 13 and z?
13
Let j be -1*(6/2 - 4)*21. Let x(o) = 14*o**2 + o - 1. Let t be x(1). Calculate the greatest common factor of j and t.
7
Let p be (9/(-6))/((-6)/44). What is the greatest common divisor of 1 and p?
1
Suppose 0*d = 4*d + 24. Let j be (-844)/(-10) - d/(-15). Calculate the highest common factor of 12 and j.
12
Let i = -41 - -68. What is the highest common divisor of 27 and i?
27
Suppose 0 = -2*a - 2*a + 252. What is the highest common divisor of a and 105?
21
Let k(c) = -88*c + 2. Let v be k(-1). Calculate the greatest common factor of v and 45.
45
Let s(r) = 5*r - 2. Let z be s(3). Suppose g = -3*i + 327 - 12, -3*g + 113 = i. Calculate the highest common divisor of i and z.
13
Let a be 610/(-75) - -8 - (-3377)/15. Calculate the highest common divisor of 15 and a.
15
Let y be 11/(-11) - 1*-7. Let z(w) = -3*w + 3. Let b be z(-5). Let o = b + -12. Calculate the highes